{"id":1742,"date":"2021-10-23T15:54:12","date_gmt":"2021-10-23T18:54:12","guid":{"rendered":"http:\/\/nivaldocleto.cnt.br\/blog\/?page_id=1742"},"modified":"2021-10-30T14:06:27","modified_gmt":"2021-10-30T17:06:27","slug":"artigos","status":"publish","type":"page","link":"https:\/\/nivaldocleto.cnt.br\/blog\/artigos\/","title":{"rendered":"Artigos"},"content":{"rendered":"<div id=\"fb-root\"><\/div>\n<div class=\"pt-cv-wrapper\"><div class=\"pt-cv-view pt-cv-grid pt-cv-colsys pt-cv-same-height\" id=\"pt-cv-view-5444de6wzf\"><div data-id=\"pt-cv-page-1\" class=\"pt-cv-page\" data-cvc=\"1\" data-cvct=\"1\" data-cvcm=\"1\"><div class=\"col-md-12 col-sm-12 col-xs-12 pt-cv-content-item pt-cv-2-col\"  data-pid=\"3616\"><div class='pt-cv-ifield'><a href=\"https:\/\/nivaldocleto.cnt.br\/blog\/fragmentar-a-internet-nao-a-fortalece-uma-visao-a-partir-do-setor-empresarial\/\" class=\"_blank pt-cv-href-thumbnail pt-cv-thumb-left cvplbd cvp-responsive-image img-none\" target=\"_blank\" data-iw=\"150\" data-ih=\"150\"><img loading=\"lazy\" decoding=\"async\" width=\"150\" height=\"150\" src=\"https:\/\/nivaldocleto.cnt.br\/blog\/wp-content\/uploads\/2026\/02\/WhatsApp-Image-2026-02-09-at-06.05.08-150x150.jpeg\" class=\"pt-cv-thumbnail img-none pull-left skip-lazy  no-lazyload \" alt=\"Fragmentar a Internet n\u00e3o a fortalece: uma vis\u00e3o a partir do setor empresarial\" \/><\/a>\n<div class=\"pt-cv-colwrap\"><h4 class=\"pt-cv-title\"><a href=\"https:\/\/nivaldocleto.cnt.br\/blog\/fragmentar-a-internet-nao-a-fortalece-uma-visao-a-partir-do-setor-empresarial\/\" class=\"_blank cvplbd\" target=\"_blank\" data-iw=\"150\" data-ih=\"150\">Fragmentar a Internet n\u00e3o a fortalece: uma vis\u00e3o a partir do setor empresarial<\/a><\/h4><div class=\"pt-cv-content\">Por Nivaldo Cleto* A Internet que conhecemos\u2014 aberta, interoper\u00e1vel e global \u2014 n\u00e3o surgiu por acaso. Ela \u00e9 fruto de decis\u00f5es t\u00e9cnicas e pol\u00edticas que privilegiaram a coordena\u00e7\u00e3o global, a neutralidade da infraestrutura e o di\u00e1logo multissetorial. Esse modelo permitiu ...<br \/><a href=\"https:\/\/nivaldocleto.cnt.br\/blog\/fragmentar-a-internet-nao-a-fortalece-uma-visao-a-partir-do-setor-empresarial\/\" class=\"_blank pt-cv-readmore btn btn-success cvplbd\" target=\"_blank\" data-iw=\"150\" data-ih=\"150\">Leia Mais<\/a><\/div><\/div><\/div><\/div>\n<div class=\"col-md-12 col-sm-12 col-xs-12 pt-cv-content-item pt-cv-2-col\"  data-pid=\"3591\"><div class='pt-cv-ifield'><a href=\"https:\/\/nivaldocleto.cnt.br\/blog\/aumento-de-capital-com-lucros-tributa-ir-analise-da-lei-15-270-25\/\" class=\"_blank pt-cv-href-thumbnail pt-cv-thumb-left cvplbd cvp-responsive-image img-none\" target=\"_blank\" data-iw=\"150\" data-ih=\"150\"><img loading=\"lazy\" decoding=\"async\" width=\"150\" height=\"150\" src=\"https:\/\/nivaldocleto.cnt.br\/blog\/wp-content\/uploads\/2025\/12\/19461-150x150.jpg\" class=\"pt-cv-thumbnail img-none pull-left skip-lazy  no-lazyload \" alt=\"Aumento de capital com lucros tributa IR? An\u00e1lise da lei 15.270\/25\" \/><\/a>\n<div class=\"pt-cv-colwrap\"><h4 class=\"pt-cv-title\"><a href=\"https:\/\/nivaldocleto.cnt.br\/blog\/aumento-de-capital-com-lucros-tributa-ir-analise-da-lei-15-270-25\/\" class=\"_blank cvplbd\" target=\"_blank\" data-iw=\"150\" data-ih=\"150\">Aumento de capital com lucros tributa IR? An\u00e1lise da lei 15.270\/25<\/a><\/h4><div class=\"pt-cv-content\">A capitaliza\u00e7\u00e3o de lucros no aumento de capital ganhou novo peso com a lei 15.270. Ela continua isenta? Entenda quando a opera\u00e7\u00e3o segue sem IR e quando gera efeitos fiscais para altas rendas. Por: Diego Luiz Amorim* Com a san\u00e7\u00e3o ...<br \/><a href=\"https:\/\/nivaldocleto.cnt.br\/blog\/aumento-de-capital-com-lucros-tributa-ir-analise-da-lei-15-270-25\/\" class=\"_blank pt-cv-readmore btn btn-success cvplbd\" target=\"_blank\" data-iw=\"150\" data-ih=\"150\">Leia Mais<\/a><\/div><\/div><\/div><\/div>\n<div class=\"col-md-12 col-sm-12 col-xs-12 pt-cv-content-item pt-cv-2-col\"  data-pid=\"1637\"><div class='pt-cv-ifield'><a href=\"https:\/\/nivaldocleto.cnt.br\/blog\/promanpe-uma-solucao-para-a-manutencao-do-capital-de-giro-das-pmes-atingidas-pelo-covid19\/\" class=\"_blank pt-cv-href-thumbnail pt-cv-thumb-left cvplbd cvp-responsive-image img-none\" target=\"_blank\" data-iw=\"150\" data-ih=\"150\"><img decoding=\"async\" width=\"150\" src=\"http:\/\/nivaldocleto.cnt.br\/blog\/wp-content\/uploads\/2020\/07\/PRONAMPE-CAPA-1024x768-1-480x360.jpg\" class=\"pt-cv-thumbnail img-none pull-left cvp-substitute skip-lazy  no-lazyload \" alt=\"PRONAMPE - Uma solu\u00e7\u00e3o para a manuten\u00e7\u00e3o do capital de giro das PMEs atingidas pela Covid-19\" title=\"\" \/><\/a>\n<div class=\"pt-cv-colwrap\"><h4 class=\"pt-cv-title\"><a href=\"https:\/\/nivaldocleto.cnt.br\/blog\/promanpe-uma-solucao-para-a-manutencao-do-capital-de-giro-das-pmes-atingidas-pelo-covid19\/\" class=\"_blank cvplbd\" target=\"_blank\" data-iw=\"150\" data-ih=\"150\">PRONAMPE &#8211; Uma solu\u00e7\u00e3o para a manuten\u00e7\u00e3o do capital de giro das PMEs atingidas pela Covid-19<\/a><\/h4><div class=\"pt-cv-content\">Por Nivaldo Cleto (*) Com as restri\u00e7\u00f5es impostas pelo Governo, em raz\u00e3o da pandemia da Covid-19, muitas empresas tiveram suas atividades e faturamento reduzidos, ocasionando uma perda no capital de giro, cuja reserva (quando existente) n\u00e3o era suficiente, sequer para ...<br \/><a href=\"https:\/\/nivaldocleto.cnt.br\/blog\/promanpe-uma-solucao-para-a-manutencao-do-capital-de-giro-das-pmes-atingidas-pelo-covid19\/\" class=\"_blank pt-cv-readmore btn btn-success cvplbd\" target=\"_blank\" data-iw=\"150\" data-ih=\"150\">Leia Mais<\/a><\/div><\/div><\/div><\/div>\n<div class=\"col-md-12 col-sm-12 col-xs-12 pt-cv-content-item pt-cv-2-col\"  data-pid=\"1119\"><div class='pt-cv-ifield'><a href=\"https:\/\/nivaldocleto.cnt.br\/blog\/assinatura-de-contrato-social-na-junta-comercial-100-digital-com-utilizacao-do-certificado-digital-icp-brasil\/\" class=\"_blank pt-cv-href-thumbnail pt-cv-thumb-left cvplbd cvp-responsive-image img-none\" target=\"_blank\" data-iw=\"150\" data-ih=\"150\"><iframe loading=\"lazy\" title=\"JUCESP 100 % DIGITAL VIA R\u00c1PIDA EMPRESA 2 VRE2\" width=\"200\" height=\"113\" src=\"https:\/\/www.youtube.com\/embed\/rVycMGuPwWE?feature=oembed\" frameborder=\"0\" allow=\"accelerometer; autoplay; clipboard-write; encrypted-media; gyroscope; picture-in-picture; web-share\" referrerpolicy=\"strict-origin-when-cross-origin\" allowfullscreen><\/iframe><\/a>\n<div class=\"pt-cv-colwrap\"><h4 class=\"pt-cv-title\"><a href=\"https:\/\/nivaldocleto.cnt.br\/blog\/assinatura-de-contrato-social-na-junta-comercial-100-digital-com-utilizacao-do-certificado-digital-icp-brasil\/\" class=\"_blank cvplbd\" target=\"_blank\" data-iw=\"150\" data-ih=\"150\">Assinatura de Contrato Social na Junta Comercial 100% Digital com utiliza\u00e7\u00e3o do Certificado Digital ICP-Brasil<\/a><\/h4><div class=\"pt-cv-content\">Por Nivaldo Cleto* No \u00faltimo dia 14 de setembro, ap\u00f3s 125 anos de exist\u00eancia, a Junta Comercial do Estado de S\u00e3o Paulo implementou a Plataforma Via R\u00e1pida Empresa 2 \u2013 VRE2, que possibilita ao empreendedor a abertura de uma sociedade ...<br \/><a href=\"https:\/\/nivaldocleto.cnt.br\/blog\/assinatura-de-contrato-social-na-junta-comercial-100-digital-com-utilizacao-do-certificado-digital-icp-brasil\/\" class=\"_blank pt-cv-readmore btn btn-success cvplbd\" target=\"_blank\" data-iw=\"150\" data-ih=\"150\">Leia Mais<\/a><\/div><\/div><\/div><\/div>\n<div class=\"col-md-12 col-sm-12 col-xs-12 pt-cv-content-item pt-cv-2-col\"  data-pid=\"1117\"><div class='pt-cv-ifield'><a href=\"https:\/\/nivaldocleto.cnt.br\/blog\/principais-motivos-para-abrir-uma-holding-familiar\/\" class=\"_blank pt-cv-href-thumbnail pt-cv-thumb-left cvplbd cvp-responsive-image img-none\" target=\"_blank\" data-iw=\"150\" data-ih=\"150\"><img loading=\"lazy\" decoding=\"async\" width=\"150\" height=\"150\" style=\"max-height: 150px;\" src=\"https:\/\/nivaldocleto.cnt.br\/blog\/wp-content\/plugins\/pt-content-views-pro\/public\/assets\/images\/default_image.png\" class=\"pt-cv-thumbnail img-none pull-left not-found skip-lazy  no-lazyload \" alt=\"Principais Motivos para abrir uma Holding Familiar\" \/><\/a>\n<div class=\"pt-cv-colwrap\"><h4 class=\"pt-cv-title\"><a href=\"https:\/\/nivaldocleto.cnt.br\/blog\/principais-motivos-para-abrir-uma-holding-familiar\/\" class=\"_blank cvplbd\" target=\"_blank\" data-iw=\"150\" data-ih=\"150\">Principais Motivos para abrir uma Holding Familiar<\/a><\/h4><div class=\"pt-cv-content\">Por Nivaldo Cleto* Nos \u00faltimos anos, muito tem se ouvido falar sobre abrir ou montar uma Holding; por se tratar de uma forma pr\u00e1tica e segura de controlar o patrim\u00f4nio atrav\u00e9s de uma gest\u00e3o profissional e empresarial. Holding \u2013 etimologicamente ...<br \/><a href=\"https:\/\/nivaldocleto.cnt.br\/blog\/principais-motivos-para-abrir-uma-holding-familiar\/\" class=\"_blank pt-cv-readmore btn btn-success cvplbd\" target=\"_blank\" data-iw=\"150\" data-ih=\"150\">Leia Mais<\/a><\/div><\/div><\/div><\/div>\n<div class=\"col-md-12 col-sm-12 col-xs-12 pt-cv-content-item pt-cv-2-col\"  data-pid=\"1114\"><div class='pt-cv-ifield'><a href=\"https:\/\/nivaldocleto.cnt.br\/blog\/o-maravilhoso-mundo-novo-pdf\/\" class=\"_blank pt-cv-href-thumbnail pt-cv-thumb-left cvplbd cvp-responsive-image img-none\" target=\"_blank\" data-iw=\"150\" data-ih=\"150\"><img decoding=\"async\" width=\"150\" src=\"http:\/\/nivaldocleto.cnt.br\/blog\/wp-content\/uploads\/2019\/08\/artigo7.png\" class=\"pt-cv-thumbnail img-none pull-left cvp-substitute skip-lazy  no-lazyload \" alt=\"O Maravilhoso Mundo Novo! (PDF)\" title=\"\" \/><\/a>\n<div class=\"pt-cv-colwrap\"><h4 class=\"pt-cv-title\"><a href=\"https:\/\/nivaldocleto.cnt.br\/blog\/o-maravilhoso-mundo-novo-pdf\/\" class=\"_blank cvplbd\" target=\"_blank\" data-iw=\"150\" data-ih=\"150\">O Maravilhoso Mundo Novo! (PDF)<\/a><\/h4><div class=\"pt-cv-content\">Por Nivaldo Cleto Revista IDigital - abril de 2013 Clique na imagem abaixo para ler o artigo em PDF ...<br \/><a href=\"https:\/\/nivaldocleto.cnt.br\/blog\/o-maravilhoso-mundo-novo-pdf\/\" class=\"_blank pt-cv-readmore btn btn-success cvplbd\" target=\"_blank\" data-iw=\"150\" data-ih=\"150\">Leia Mais<\/a><\/div><\/div><\/div><\/div>\n<div class=\"col-md-12 col-sm-12 col-xs-12 pt-cv-content-item pt-cv-2-col\"  data-pid=\"1112\"><div class='pt-cv-ifield'><a href=\"https:\/\/nivaldocleto.cnt.br\/blog\/o-maravilhoso-mundo-novo\/\" class=\"_blank pt-cv-href-thumbnail pt-cv-thumb-left cvplbd cvp-responsive-image img-none\" target=\"_blank\" data-iw=\"150\" data-ih=\"150\"><img loading=\"lazy\" decoding=\"async\" width=\"150\" height=\"150\" style=\"max-height: 150px;\" src=\"https:\/\/nivaldocleto.cnt.br\/blog\/wp-content\/plugins\/pt-content-views-pro\/public\/assets\/images\/default_image.png\" class=\"pt-cv-thumbnail img-none pull-left not-found skip-lazy  no-lazyload \" alt=\"O Maravilhoso Mundo Novo!\" \/><\/a>\n<div class=\"pt-cv-colwrap\"><h4 class=\"pt-cv-title\"><a href=\"https:\/\/nivaldocleto.cnt.br\/blog\/o-maravilhoso-mundo-novo\/\" class=\"_blank cvplbd\" target=\"_blank\" data-iw=\"150\" data-ih=\"150\">O Maravilhoso Mundo Novo!<\/a><\/h4><div class=\"pt-cv-content\">Por Nivaldo Cleto* novembro de 2012 Assinatura de Documentos, Contratos e Atos Societ\u00e1rios com utiliza\u00e7\u00e3o do Certificado Digital ICP-Brasil Com a pr\u00e1tica do uso do certificado digital ICP Brasil como instrumento de assinatura eletr\u00f4nica, ainda h\u00e1 certa resist\u00eancia por parte ...<br \/><a href=\"https:\/\/nivaldocleto.cnt.br\/blog\/o-maravilhoso-mundo-novo\/\" class=\"_blank pt-cv-readmore btn btn-success cvplbd\" target=\"_blank\" data-iw=\"150\" data-ih=\"150\">Leia Mais<\/a><\/div><\/div><\/div><\/div>\n<div class=\"col-md-12 col-sm-12 col-xs-12 pt-cv-content-item pt-cv-2-col\"  data-pid=\"1109\"><div class='pt-cv-ifield'><a href=\"https:\/\/nivaldocleto.cnt.br\/blog\/holdings-familiares-pdf\/\" class=\"_blank pt-cv-href-thumbnail pt-cv-thumb-left cvplbd cvp-responsive-image img-none\" target=\"_blank\" data-iw=\"150\" data-ih=\"150\"><img decoding=\"async\" width=\"150\" src=\"http:\/\/nivaldocleto.cnt.br\/blog\/wp-content\/uploads\/2019\/08\/artigo6.png\" class=\"pt-cv-thumbnail img-none pull-left cvp-substitute skip-lazy  no-lazyload \" alt=\"Holdings familiares (PDF)\" title=\"\" \/><\/a>\n<div class=\"pt-cv-colwrap\"><h4 class=\"pt-cv-title\"><a href=\"https:\/\/nivaldocleto.cnt.br\/blog\/holdings-familiares-pdf\/\" class=\"_blank cvplbd\" target=\"_blank\" data-iw=\"150\" data-ih=\"150\">Holdings familiares (PDF)<\/a><\/h4><div class=\"pt-cv-content\">Por Nivaldo Cleto Sescap BA - Ed 7, 4\u00ba trimestre de 2010 Clique na imagem abaixo para ler o artigo em PDF ...<br \/><a href=\"https:\/\/nivaldocleto.cnt.br\/blog\/holdings-familiares-pdf\/\" class=\"_blank pt-cv-readmore btn btn-success cvplbd\" target=\"_blank\" data-iw=\"150\" data-ih=\"150\">Leia Mais<\/a><\/div><\/div><\/div><\/div>\n<div class=\"col-md-12 col-sm-12 col-xs-12 pt-cv-content-item pt-cv-2-col\"  data-pid=\"1106\"><div class='pt-cv-ifield'><a href=\"https:\/\/nivaldocleto.cnt.br\/blog\/beneficios-da-certificacao-digital\/\" class=\"_blank pt-cv-href-thumbnail pt-cv-thumb-left cvplbd cvp-responsive-image img-none\" target=\"_blank\" data-iw=\"150\" data-ih=\"150\"><iframe loading=\"lazy\" title=\"RIC - REGISTRO \u00daNICO DE IDENTIDADE CIVIL\" width=\"200\" height=\"150\" src=\"https:\/\/www.youtube.com\/embed\/MHb1zI0wk8M?feature=oembed\" frameborder=\"0\" allow=\"accelerometer; autoplay; clipboard-write; encrypted-media; gyroscope; picture-in-picture; web-share\" referrerpolicy=\"strict-origin-when-cross-origin\" allowfullscreen><\/iframe><\/a>\n<div class=\"pt-cv-colwrap\"><h4 class=\"pt-cv-title\"><a href=\"https:\/\/nivaldocleto.cnt.br\/blog\/beneficios-da-certificacao-digital\/\" class=\"_blank cvplbd\" target=\"_blank\" data-iw=\"150\" data-ih=\"150\">Benef\u00edcios da Certifica\u00e7\u00e3o Digital<\/a><\/h4><div class=\"pt-cv-content\">Por Nivaldo Cleto fevereiro de 2009 Certificado digital \u00e9 um documento eletr\u00f4nico que identifica pessoas e empresas no mundo digital, provando sua identidade e permitindo acessar servi\u00e7os on-line com as seguintes garantias: Autenticidade - garantia da identidade de quem executou ...<br \/><a href=\"https:\/\/nivaldocleto.cnt.br\/blog\/beneficios-da-certificacao-digital\/\" class=\"_blank pt-cv-readmore btn btn-success cvplbd\" target=\"_blank\" data-iw=\"150\" data-ih=\"150\">Leia Mais<\/a><\/div><\/div><\/div><\/div>\n<div class=\"col-md-12 col-sm-12 col-xs-12 pt-cv-content-item pt-cv-2-col\"  data-pid=\"1098\"><div class='pt-cv-ifield'><a href=\"https:\/\/nivaldocleto.cnt.br\/blog\/sped-e-nf-e-revolucionam-setor-contabil-pdf\/\" class=\"_blank pt-cv-href-thumbnail pt-cv-thumb-left cvplbd cvp-responsive-image img-none\" target=\"_blank\" data-iw=\"150\" data-ih=\"150\"><img decoding=\"async\" width=\"150\" src=\"http:\/\/nivaldocleto.cnt.br\/blog\/wp-content\/uploads\/2019\/08\/artigo4.png\" class=\"pt-cv-thumbnail img-none pull-left cvp-substitute skip-lazy  no-lazyload \" alt=\"SPED e NF-e revolucionam setor Cont\u00e1bil (PDF)\" title=\"\" \/><\/a>\n<div class=\"pt-cv-colwrap\"><h4 class=\"pt-cv-title\"><a href=\"https:\/\/nivaldocleto.cnt.br\/blog\/sped-e-nf-e-revolucionam-setor-contabil-pdf\/\" class=\"_blank cvplbd\" target=\"_blank\" data-iw=\"150\" data-ih=\"150\">SPED e NF-e revolucionam setor Cont\u00e1bil (PDF)<\/a><\/h4><div class=\"pt-cv-content\">Por Nivaldo Cleto Revista Sescon-RJ - mar\u00e7o de 2008 Clique na imagem abaixo para ler o artigo em PDF ...<br \/><a href=\"https:\/\/nivaldocleto.cnt.br\/blog\/sped-e-nf-e-revolucionam-setor-contabil-pdf\/\" class=\"_blank pt-cv-readmore btn btn-success cvplbd\" target=\"_blank\" data-iw=\"150\" data-ih=\"150\">Leia Mais<\/a><\/div><\/div><\/div><\/div><\/div><\/div>\n<div class=\"text-left pt-cv-pagination-wrapper\"><ul class=\"pt-cv-pagination pt-cv-normal pagination\" data-totalpages=\"6\" data-currentpage=\"1\" data-sid=\"5444de6wzf\" data-unid=\"\"><li class=\"active\"><a href=\"#\">1<\/a><\/li>\n\t<li ><a class=\"\" href=\"https:\/\/nivaldocleto.cnt.br\/blog\/wp-json\/wp\/v2\/pages\/1742\/?_page=2\">2<\/a><\/li>\n\t<li ><a class=\"\" href=\"https:\/\/nivaldocleto.cnt.br\/blog\/wp-json\/wp\/v2\/pages\/1742\/?_page=3\">3<\/a><\/li>\n\t<li ><a href=\"#\">&hellip;<\/a><\/li>\n\t<li ><a class=\"\" href=\"https:\/\/nivaldocleto.cnt.br\/blog\/wp-json\/wp\/v2\/pages\/1742\/?_page=6\">6<\/a><\/li>\n\t<li ><a class=\" \" href=\"https:\/\/nivaldocleto.cnt.br\/blog\/wp-json\/wp\/v2\/pages\/1742\/?_page=2\">&rsaquo;<\/a><\/li>\n\t<\/ul><img loading=\"lazy\" decoding=\"async\" width=\"15\" height=\"15\" class=\"pt-cv-spinner\" alt=\"Carregando...;\" src=\"data:image\/gif;base64,R0lGODlhDwAPALMPAMrKygwMDJOTkz09PZWVla+vr3p6euTk5M7OzuXl5TMzMwAAAJmZmWZmZszMzP\/\/\/yH\/C05FVFNDQVBFMi4wAwEAAAAh+QQFCgAPACwAAAAADwAPAAAEQvDJaZaZOIcV8iQK8VRX4iTYoAwZ4iCYoAjZ4RxejhVNoT+mRGP4cyF4Pp0N98sBGIBMEMOotl6YZ3S61Bmbkm4mAgAh+QQFCgAPACwAAAAADQANAAAENPDJSRSZeA418itN8QiK8BiLITVsFiyBBIoYqnoewAD4xPw9iY4XLGYSjkQR4UAUD45DLwIAIfkEBQoADwAsAAAAAA8ACQAABC\/wyVlamTi3nSdgwFNdhEJgTJoNyoB9ISYoQmdjiZPcj7EYCAeCF1gEDo4Dz2eIAAAh+QQFCgAPACwCAAAADQANAAAEM\/DJBxiYeLKdX3IJZT1FU0iIg2RNKx3OkZVnZ98ToRD4MyiDnkAh6BkNC0MvsAj0kMpHBAAh+QQFCgAPACwGAAAACQAPAAAEMDC59KpFDll73HkAA2wVY5KgiK5b0RRoI6MuzG6EQqCDMlSGheEhUAgqgUUAFRySIgAh+QQFCgAPACwCAAIADQANAAAEM\/DJKZNLND\/kkKaHc3xk+QAMYDKsiaqmZCxGVjSFFCxB1vwy2oOgIDxuucxAMTAJFAJNBAAh+QQFCgAPACwAAAYADwAJAAAEMNAs86q1yaWwwv2Ig0jUZx3OYa4XoRAfwADXoAwfo1+CIjyFRuEho60aSNYlOPxEAAAh+QQFCgAPACwAAAIADQANAAAENPA9s4y8+IUVcqaWJ4qEQozSoAzoIyhCK2NFU2SJk0hNnyEOhKR2AzAAj4Pj4GE4W0bkJQIAOw==\" \/><div class=\"clear pt-cv-clear-pagination\"><\/div><\/div><\/div>\t\t\t<style type=\"text\/css\" id=\"pt-cv-inline-style-7a17c998pb\">#pt-cv-view-5444de6wzf .pt-cv-content-item { padding-bottom: 30px !important; }\n#pt-cv-view-5444de6wzf .pt-cv-ifield { padding-top: 10px !important; padding-left: 10px !important; padding-bottom: 10px !important; padding-right: 10px !important; }\n#pt-cv-view-5444de6wzf  .pt-cv-ifield   { background-color: #f7f7f7 !important; }\n#pt-cv-view-5444de6wzf .pt-cv-title a, #pt-cv-view-5444de6wzf  .panel-title { color: #a40831 !important; font-weight: 600 !important; }\n#pt-cv-view-5444de6wzf  .pt-cv-title a:hover, #pt-cv-view-5444de6wzf  .panel-title:hover   { color: #0a0a0a !important; }\n#pt-cv-view-5444de6wzf .pt-cv-carousel-caption  { background-color: rgba(51,51,51,.6) !important; }\n#pt-cv-view-5444de6wzf .pt-cv-specialp { background-color: #CC3333 !important }\n#pt-cv-view-5444de6wzf .pt-cv-specialp * { color: #fff !important; }\n#pt-cv-view-5444de6wzf .pt-cv-pficon  { color: #bbb !important; }\n#pt-cv-view-5444de6wzf .pt-cv-readmore  { color: #ffffff !important; background-color: #747c87 !important; }\n#pt-cv-view-5444de6wzf .pt-cv-readmore:hover  { color: #ffffff !important; background-color: #962033 !important; }\n#pt-cv-view-5444de6wzf  + .pt-cv-pagination-wrapper .pt-cv-more , #pt-cv-view-5444de6wzf  + .pt-cv-pagination-wrapper .pagination .active a { color: #ffffff !important; background-color: #962033 !important; }\n#pt-cv-view-5444de6wzf .cvp-responsive-image[style*=\"background-image\"] { width: 150px; height: 150px; }<\/style>\r\n\t\t\t\n","protected":false},"excerpt":{"rendered":"","protected":false},"author":1,"featured_media":0,"parent":0,"menu_order":0,"comment_status":"closed","ping_status":"closed","template":"","meta":{"footnotes":""},"class_list":["post-1742","page","type-page","status-publish","hentry"],"_links":{"self":[{"href":"https:\/\/nivaldocleto.cnt.br\/blog\/wp-json\/wp\/v2\/pages\/1742","targetHints":{"allow":["GET"]}}],"collection":[{"href":"https:\/\/nivaldocleto.cnt.br\/blog\/wp-json\/wp\/v2\/pages"}],"about":[{"href":"https:\/\/nivaldocleto.cnt.br\/blog\/wp-json\/wp\/v2\/types\/page"}],"author":[{"embeddable":true,"href":"https:\/\/nivaldocleto.cnt.br\/blog\/wp-json\/wp\/v2\/users\/1"}],"replies":[{"embeddable":true,"href":"https:\/\/nivaldocleto.cnt.br\/blog\/wp-json\/wp\/v2\/comments?post=1742"}],"version-history":[{"count":3,"href":"https:\/\/nivaldocleto.cnt.br\/blog\/wp-json\/wp\/v2\/pages\/1742\/revisions"}],"predecessor-version":[{"id":1800,"href":"https:\/\/nivaldocleto.cnt.br\/blog\/wp-json\/wp\/v2\/pages\/1742\/revisions\/1800"}],"wp:attachment":[{"href":"https:\/\/nivaldocleto.cnt.br\/blog\/wp-json\/wp\/v2\/media?parent=1742"}],"curies":[{"name":"wp","href":"https:\/\/api.w.org\/{rel}","templated":true}]}}